pose -4*p - 2*g + 64 = 0, 2*g - 20 = -2*p + j*g. What is the units digit of p?
5
What is the units digit of (-1 - ((-24)/(-15) + -2))*-15?
9
Let b(q) = q**2 + 3*q + 1. Let v(n) = -8*n**3 + n**2 - 1. Let d be v(-1). Let p = -11 + d. What is the units digit of b(p)?
1
Let u be (-3)/(-5) + (-3)/5. Suppose u = -5*o + 15 + 5. What is the units digit of o?
4
Suppose 0 = -4*x + 2*s + 46, 0 = 2*x - 0*x + 3*s - 11. What is the units digit of x?
0
Suppose -4*s = -8*s. Let h(x) = -3 + s*x - 4 - 2*x + x**2. What is the units digit of h(5)?
8
Let c = 0 + 0. Let y = 4 + c. What is the units digit of y?
4
Suppose 5*h + 0*v - 2*v = 0, -4*v = 0. Suppose -4*w + 83 + 46 = 3*p, 4*p - 12 = h. What is the tens digit of w?
3
Let c = 5 + -2. Suppose 2*b + c*r + 7 + 3 = 0, 4*r = 2*b - 4. What is the units digit of 9 - (b + 0 - -2)?
9
Suppose 16 + 14 = 5*k. Let d = k + -4. What is the units digit of d?
2
Let b = -5 - -9. Suppose -u - 15 = b*u. What is the units digit of (24/20)/(u/(-10))?
4
Suppose 0 = 4*q + 22 - 126. What is the tens digit of q?
2
Let p = -91 - -139. Let c = p + -18. Suppose -3*v - c = -3*t, -5*v - 17 = -t + 5. What is the units digit of t?
7
Let d be 8/(-5)*10/(-4). Let y(a) = a**2 + 2*a - 3. Let m be y(-5). Suppose d*l = -3*o + m, -5*l - o = -5*o - 15. What is the units digit of l?
3
Let t(o) be the first derivative of o**4/4 - 5*o**3/3 + o**2 + 6*o - 1. What is the tens digit of t(5)?
1
Let s(u) = u**2 - 2*u - 1. Let j be s(5). Suppose -2*b = 2*f - j, 3*b + 0*b - 16 = -4*f. Let g = -10 + b. What is the units digit of g?
2
Let g(b) = -b**2 + 8*b - 2. Let c be g(8). What is the units digit of -4 + 3 + (-24)/c?
1
Let x = 65 - 38. What is the tens digit of x?
2
Let u be 2/(0 + 4/(-30)). Let v = u + 35. What is the tens digit of v?
2
Let n(q) = q**3 - 9*q**2 - q + 16. What is the units digit of n(11)?
7
Let f(o) = 26*o**2 + 2*o. Let j be f(2). Suppose -3*l - l = -j. What is the tens digit of l?
2
Suppose 3*z = 2*l - 9, 2*z - 14 = 3*l + 3*z. What is the units digit of (6/(-10))/(l/45)?
9
Let v be (30/(-8) - -3)*-4. Suppose 0 = 4*k + 4*t - 76, -v*k + 5*t = -2*k - 25. What is the units digit of k?
0
Let s(g) = 190*g - 8. What is the hundreds digit of s(2)?
3
Let j(a) = -3*a**2 + 16*a - 14. Let m(q) = -q**2 + 5*q - 5. Let x(l) = -3*j(l) + 8*m(l). Let d be (-4)/2 - (-10 + 0). What is the units digit of x(d)?
2
Suppose 4*w + 5*f - 1 + 9 = 0, 0 = 2*w - 2*f - 14. Suppose -w = -0*n + n. Let g(z) = -z**3 - 2*z**2 + z + 4. What is the tens digit of g(n)?
1
Suppose -4*x + 24 = 2*s, 4*x - 2 = -3*s + 24. What is the units digit of -1 + (-2)/s - -8?
6
Suppose 0 = 3*f - 2*c - 19, 3*f - 4*c - 31 = -2*f. Suppose -5*u - n = -23, -f = -2*u - 3*n + 10. Suppose 0*x + 24 = u*x. What is the units digit of x?
6
Let t be ((-18)/(-8))/(4/(-16)). What is the units digit of t/(-2)*(-12)/(-9)?
6
Let p(o) = o**3 - 7*o**2 - 9*o + 9. Let d be p(8). What is the units digit of 1/((-4)/(-28)*d)?
7
Let j = -134 - -188. What is the tens digit of j?
5
Let n be ((-54)/(-63))/(1/7). Let f be -26 - 6*(-3)/n. Let j = f + 33. What is the tens digit of j?
1
What is the units digit of (238/35)/(2/10)?
4
Suppose -1 = 5*i + 4, -3*q = -4*i - 7. What is the tens digit of 9*((-12)/(-9))/q?
1
Suppose -3*x + 12 = 0, -x = -a + 4*x - 18. Suppose a*t + 2*v = 18, t - 3*v = -v. What is the units digit of t?
6
Let f(i) = -2*i**2 - 2*i + 1. Let x be f(1). What is the tens digit of (-57)/9*x - -1?
2
Let w(l) = l**3 - 4*l**2 + 5*l + 4. Let u be w(4). What is the tens digit of u/(-8) + (34 - 1)?
3
What is the units digit of 179/3 - (-6)/18?
0
Suppose -2*g = -g + 1. Let i(c) = -3*c**3 + c**2 + c. What is the units digit of i(g)?
3
Let h(t) = -t + 16. Let l be h(8). Suppose -13 = -u + l. What is the units digit of u?
1
Suppose 3*d = 4*d + 5*j - 53, 2*d = -2*j + 90. What is the units digit of d?
3
Let o(f) = -f**3 + 6*f**2 + 7*f + 4. Let p = -6 + 13. What is the units digit of o(p)?
4
Let m = -20 + 34. What is the tens digit of m?
1
Suppose 510 = 4*y - 10. Suppose 0 = 4*m - y + 22. What is the units digit of m?
7
Let w(o) = -4*o - 8. Suppose -2*t - 4*p + 17 = 3*t, -2*t - 5*p = 0. Suppose 5*q = -35 + t. What is the tens digit of w(q)?
1
Suppose v = -4*r + 2*v - 22, -5*r + 5*v - 35 = 0. Let z(b) = 2*b**2 + 5*b - 4. What is the tens digit of z(r)?
2
What is the tens digit of (-290)/(-14) + (-28)/(-98)?
2
Suppose 2*l = -2*l. Suppose l*f - f = -13. What is the units digit of f?
3
Suppose 0 = 3*h - 4*y - 2, 3*h - 3*y + 6*y = -12. Let d be (111/(h + 5))/1. Suppose 5*p - 41 = -f, 4*p + 6*f - d = f. What is the units digit of p?
8
Suppose -3*n - 46 = -0*y - 5*y, 0 = n + 2. Let i be y/5 + (-4)/(-10). Suppose i*z - 5 = -1. What is the units digit of z?
2
Suppose -x = -3*x + 8. Suppose x*w + 3 = -1. What is the tens digit of 17 + -5 + (-1)/w?
1
Let v be ((-1)/(-2))/(2/40). Suppose 0*a + v = 2*a. What is the units digit of a?
5
Suppose -5*v - 2*t + 1133 = 0, -3*t = -0*v + 4*v - 905. What is the tens digit of v?
2
Suppose 4*i = 4*h + 96, 4*i + 60 = -2*h - 0*i. Let b = -16 - h. What is the units digit of b?
0
Let r = 1 - -4. Suppose -5 = -r*d - 0. What is the units digit of d?
1
Let n(o) = 0*o - 3*o**3 + 1 - 8*o**3 + 2*o. What is the units digit of n(-1)?
0
Let v be 0/((2 - 1) + 0). Suppose -z - z + 30 = v. Suppose 0 = 2*x + 2*x + d - z, -3*x - 5*d - 10 = 0. What is the units digit of x?
5
Let v = -2 - -2. Suppose v = 3*i - 1 - 53. What is the units digit of i?
8
Suppose 5*d + 0*d = 0. Suppose 5*i + 22 - 132 = d. Suppose -2*r - 6*c + i = -4*c, -23 = -4*r + 3*c. What is the units digit of r?
8
Let n be 60/(-14) + 4/14. What is the units digit of (9 - 5)*(0 - n)?
6
Let x = -4 - -7. What is the tens digit of 6/3*(x + 2)?
1
Let b be (12/10)/(4/10). Suppose 6*s + b = 3*s. Let d = s - -10. What is the units digit of d?
9
Let j(a) = -20*a. What is the tens digit of j(-1)?
2
Suppose 4*w - 348 = w. Let b = w - 60. Suppose -r = -5*r + b. What is the tens digit of r?
1
Suppose -g - 7 = 3*o, 4*g + 5*o - 7 + 21 = 0. Let p = g + 5. Let m = p - -3. What is the units digit of m?
7
Let g = 10 + -24. Let c = 26 + g. What is the tens digit of c?
1
What is the tens digit of (-164 + -4)*(2 - 24/9)?
1
Suppose -30 = 3*b + 5*v, 3*b + 4*v = -b - 32. Let t(l) = -l**2 - 7*l + 2. What is the tens digit of t(b)?
1
Let d(n) = n**3 - 5*n**2 + 6*n. Suppose -3*y = -8*y - r + 23, -2*y + 3*r = -16. Let g be d(y). Suppose -4*z = z - g. What is the units digit of z?
6
Let i(k) be the first derivative of k**2/2 + 9*k + 2. What is the units digit of i(-5)?
4
Let t(i) = -3*i**2 - i - 1. Let k be t(2). Let w = k - -18. What is the units digit of w?
3
Let s(t) = -t**3 + 3*t**2 + 2. Let y be s(2). Suppose -y - 10 = -f. What is the units digit of f?
6
Let c = 6 + 97. What is the units digit of c?
3
Suppose 7*n - 2*n + 240 = 0. Let v = n - -88. What is the units digit of v?
0
Let r(u) = -2*u + 5. Let m be r(-4). Suppose -5*y + 19 = 2*f, 3*f + 2*f = -15. Suppose -d - m = y*c, 2*c - 3*c = -3*d + 9. What is the units digit of d?
2
Suppose t - 6 = 6. What is the units digit of t?
2
Let n = 511 - 345. What is the tens digit of n?
6
Let g = -79 + 116. What is the units digit of g?
7
Let p(q) = q**3 - 2*q**2 - 8*q + 6. What is the tens digit of p(5)?
4
Suppose 172 = -28*s + 30*s. What is the units digit of s?
6
Let s = 29 - 8. Suppose -c - s = -4*c. What is the units digit of c?
7
Suppose 5*z = -10 + 45. Suppose -2*x = 3*x - 20. Suppose p - x*p = 15, 3*q + p = z. What is the units digit of q?
4
Let o(d) = d**3 - 5*d**2 - 4*d - 8. Let c be o(6). Suppose -5*l - 34 = -2*a, -c*l = 5*a - 22 + 3. What is the units digit of a?
7
Suppose 4*w - 1 = h - 7, 4*w + 16 = -4*h. Let a(c) = -2*c + 2. Let m be a(h). Let b(t) = -t**3 + 5*t**2 + 7*t - 5. What is the units digit of b(m)?
1
Let l(s) = s + 7. What is the units digit of l(-5)?
2
Let d = 105 + -63. What is the units digit of d?
2
Let w = -6 + 8. Suppose h - 4*q - 19 = 0, 2*q = -w*q - 16. Suppose 5*g + 40 = 5*r, -2*r + h*g = 2*r - 32. What is the units digit of r?
8
Suppose -82 = -3*b + 26. Suppose 3*o + 2*o + 25 = 0, 4*o = 2*h - b. Let d = h - -3. What is the tens digit of d?
1
Let q be 0 + 1 + (0 - -1). Suppose -q*c + 12 = 2*c. Suppose -5*o + 43 = -2*x, -6*x = -3*x - c. What is the units digit of o?
9
Let o(y) = -y**3 - 13*y**2 - y + 1